22?
15
What is the remainder when 439 is divided by 49?
47
Calculate the remainder when 1005 is divided by 249.
9
What is the remainder when 947 is divided by 95?
92
Calculate the remainder when 4356 is divided by 78.
66
Calculate the remainder when 297 is divided by 194.
103
Calculate the remainder when 212 is divided by 73.
66
Calculate the remainder when 288 is divided by 93.
9
Calculate the remainder when 193 is divided by 33.
28
What is the remainder when 319 is divided by 68?
47
Calculate the remainder when 7847 is divided by 36.
35
What is the remainder when 233 is divided by 21?
2
Calculate the remainder when 2541 is divided by 12.
9
What is the remainder when 43 is divided by 25?
18
What is the remainder when 280 is divided by 62?
32
What is the remainder when 643 is divided by 198?
49
What is the remainder when 227 is divided by 63?
38
Calculate the remainder when 317 is divided by 64.
61
Calculate the remainder when 229 is divided by 46.
45
Calculate the remainder when 227 is divided by 64.
35
What is the remainder when 214 is divided by 12?
10
What is the remainder when 22305 is divided by 52?
49
What is the remainder when 160 is divided by 51?
7
Calculate the remainder when 384 is divided by 11.
10
Calculate the remainder when 2299 is divided by 39.
37
Calculate the remainder when 5236 is divided by 54.
52
What is the remainder when 7903 is divided by 76?
75
Calculate the remainder when 364 is divided by 96.
76
What is the remainder when 101 is divided by 40?
21
What is the remainder when 257 is divided by 6?
5
What is the remainder when 661 is divided by 13?
11
What is the remainder when 1223 is divided by 248?
231
Calculate the remainder when 7198 is divided by 599.
10
Calculate the remainder when 353 is divided by 60.
53
What is the remainder when 137 is divided by 105?
32
What is the remainder when 182 is divided by 27?
20
Calculate the remainder when 696 is divided by 333.
30
What is the remainder when 254 is divided by 1?
0
Calculate the remainder when 5373 is divided by 19.
15
What is the remainder when 44 is divided by 8?
4
Calculate the remainder when 65 is divided by 8.
1
What is the remainder when 240 is divided by 63?
51
What is the remainder when 161 is divided by 31?
6
What is the remainder when 302 is divided by 102?
98
What is the remainder when 2441 is divided by 52?
49
What is the remainder when 7587 is divided by 4?
3
What is the remainder when 427 is divided by 72?
67
What is the remainder when 9669 is divided by 31?
28
Calculate the remainder when 206 is divided by 24.
14
Calculate the remainder when 31066 is divided by 12.
10
Calculate the remainder when 89 is divided by 16.
9
Calculate the remainder when 154 is divided by 72.
10
Calculate the remainder when 751 is divided by 107.
2
What is the remainder when 500 is divided by 224?
52
What is the remainder when 360 is divided by 353?
7
What is the remainder when 80 is divided by 23?
11
What is the remainder when 193 is divided by 9?
4
What is the remainder when 1397 is divided by 36?
29
Calculate the remainder when 13241 is divided by 44.
41
What is the remainder when 803 is divided by 23?
21
What is the remainder when 412 is divided by 18?
16
What is the remainder when 420 is divided by 53?
49
Calculate the remainder when 681 is divided by 67.
11
Calculate the remainder when 199 is divided by 92.
15
What is the remainder when 57629 is divided by 16?
13
What is the remainder when 116 is divided by 17?
14
What is the remainder when 8245 is divided by 275?
270
Calculate the remainder when 4194 is divided by 697.
12
Calculate the remainder when 868 is divided by 58.
56
What is the remainder when 71 is divided by 10?
1
Calculate the remainder when 251 is divided by 132.
119
What is the remainder when 632 is divided by 155?
12
What is the remainder when 218 is divided by 37?
33
What is the remainder when 10121 is divided by 21?
20
Calculate the remainder when 156 is divided by 22.
2
What is the remainder when 278 is divided by 59?
42
Calculate the remainder when 94 is divided by 2.
0
What is the remainder when 49 is divided by 39?
10
Calculate the remainder when 157 is divided by 44.
25
What is the remainder when 248 is divided by 139?
109
Calculate the remainder when 220 is divided by 17.
16
What is the remainder when 698 is divided by 10?
8
What is the remainder when 2162 is divided by 120?
2
What is the remainder when 85 is divided by 38?
9
What is the remainder when 298 is divided by 10?
8
Calculate the remainder when 251 is divided by 14.
13
What is the remainder when 37 is divided by 5?
2
Calculate the remainder when 433 is divided by 29.
27
Calculate the remainder when 43 is divided by 18.
7
What is the remainder when 120 is divided by 40?
0
Calculate the remainder when 1217 is divided by 10.
7
Calculate the remainder when 285 is divided by 28.
5
Calculate the remainder when 837 is divided by 81.
27
Calculate the remainder when 15462 is divided by 15.
12
What is the remainder when 536 is divided by 108?
104
What is the remainder when 47 is divided by 8?
7
Calculate the remainder when 167 is divided by 28.
27
Calculate the remainder when 236 is divided by 54.
20
Calculate the remainder when 179 is divided by 12.
11
Calculate the remainder when 526 is divided by 103.
11
What is the remainder when 907 is divided by 182?
179
Calculate the remainder when 206 is divided by 145.
61
What is the remainder when 2027 is divided by 136?
123
Calculate the remainder when 276 is divided by 45.
6
What is the remainder when 282 is divided by 51?
27
What is the remainder when 433 is divided by 196?
41
Calculate the remainder when 296 is divided by 60.
56
What is the remainder when 365 is divided by 55?
35
What is the remainder when 505 is divided by 131?
112
What is the remainder when 37 is divided by 5?
2
Calculate the remainder when 245 is divided by 79.
8
Calculate the remainder when 389 is divided by 4.
1
Calculate the remainder when 1237 is divided by 113.
107
Calculate the remainder when 535 is divided by 32.
23
Calculate the remainder when 218 is divided by 22.
20
What is the remainder when 618 is divided by 156?
150
Calculate the remainder when 242 is divided by 32.
18
What is the remainder when 3940 is divided by 58?
54
What is the remainder when 70 is divided by 45?
25
Calculate the remainder when 156 is divided by 105.
51
Calculate the remainder when 405 is divided by 139.
127
What is the remainder when 490 is divided by 60?
10
Calculate the remainder when 251 is divided by 82.
5
Calculate the remainder when 479 is divided by 379.
100
Calculate the remainder when 19766 is divided by 373.
370
Calculate the remainder when 3801 is divided by 119.
112
Calculate the remainder when 244 is divided by 111.
22
Calculate the remainder when 837 is divided by 35.
32
Calculate the remainder when 364 is divided by 177.
10
What is the remainder when 230 is divided by 37?
8
Calculate the remainder when 471 is divided by 19.
15
Calculate the remainder when 57 is divided by 30.
27
What is the remainder when 4155 is divided by 189?
186
Calculate the remainder when 2115 is divided by 2113.
2
Calculate the remainder when 65 is divided by 29.
7
What is the remainder when 189 is divided by 8?
5
Calculate the remainder when 2215 is divided by 1103.
9
Calculate the remainder when 186 is divided by 65.
56
Calculate the remainder when 161 is divided by 19.
9
Calculate the remainder when 159 is divided by 36.
15
Calculate the remainder when 83 is divided by 31.
21
What is the remainder when 307 is divided by 8?
3
What is the remainder when 1578 is divided by 18?
12
What is the remainder when 921 is divided by 21?
18
What is the remainder when 702 is divided by 68?
22
Calculate the remainder when 966 is divided by 9.
3
What is the remainder when 2299 is divided by 104?
11
Calculate the remainder when 895 is divided by 5.
0
What is the remainder when 4200 is divided by 25?
0
What is the remainder when 251 is divided by 30?
11
What is the remainder when 1033 is divided by 149?
139
What is the remainder when 211 is divided by 113?
98
Calculate the remainder when 1665 is divided by 44.
37
What is the remainder when 107 is divided by 12?
11
Calculate the remainder when 325 is divided by 82.
7